{"id":7534,"date":"2024-06-12T09:40:55","date_gmt":"2024-06-12T07:40:55","guid":{"rendered":"https:\/\/leogeracademy.hestia.wpspace.me\/?post_type=docs&#038;p=7534"},"modified":"2025-04-11T07:21:31","modified_gmt":"2025-04-11T06:21:31","password":"","slug":"17-wie-abonniere-ich-einen-kalender","status":"publish","type":"docs","link":"https:\/\/staging.churchtools.academy\/de\/help\/churchtools-module\/abonnements-erinnerungen\/17-wie-abonniere-ich-einen-kalender\/","title":{"rendered":"Wie abonniere ich einen Kalender?"},"content":{"rendered":"\n<p>Kalender k\u00f6nnen per iCal abonniert werden.<\/p>\n\n\n\n<h2 class=\"wp-block-heading\">1. Voraussetzung<\/h2>\n\n\n\n<p>Damit iCal funktioniert muss der Administrator deiner Installation dem \u00d6ffentlichen Benutzer das Recht &#8222;Kalender sehen&#8220; einr\u00e4umen. Funktioniert der iCal-Link bei dir nicht, melde dich bitte bei deinem Administrator.<\/p>\n\n\n\n<h2 class=\"wp-block-heading\">2. iCal-Link\/Datei anzeigen<\/h2>\n\n\n\n<p>\u00d6ffne das <em><strong>Drei-Punkt-Men\u00fc<\/strong><\/em> (1) des Kalenders, welchen du synchronisieren m\u00f6chtest, und w\u00e4hle <em><strong>Abonnieren<\/strong><\/em> (2) aus.<\/p>\n\n\n\n<figure class=\"wp-block-image\"><img fetchpriority=\"high\" decoding=\"async\" width=\"540\" height=\"445\" src=\"https:\/\/staging.churchtools.academy\/wp-content\/uploads\/2024\/06\/image-13.png\" alt=\"\" class=\"wp-image-8199\" srcset=\"https:\/\/staging.churchtools.academy\/wp-content\/uploads\/2024\/06\/image-13.png 540w, https:\/\/staging.churchtools.academy\/wp-content\/uploads\/2024\/06\/image-13-300x247.png 300w, https:\/\/staging.churchtools.academy\/wp-content\/uploads\/2024\/06\/image-13-360x297.png 360w\" sizes=\"(max-width: 540px) 100vw, 540px\" \/><\/figure>\n\n\n\n<p><\/p>\n\n\n\n<h2 class=\"wp-block-heading\">3. iCal-Link\/Datei abrufen<\/h2>\n\n\n\n<p>Lade die <em><strong>iCal-Datei<\/strong><\/em> (2) herunter oder kopiere den <em><strong>iCal-Link<\/strong><\/em> (3) um diesen im Kalenderprogramm deiner Wahl einzuf\u00fcgen. Mit Klick auf <em><strong>Kalender abonnieren<\/strong><\/em> (1) wird der webcal-Link automatisch in der Standardanwendung f\u00fcr Kalender auf deinem Ger\u00e4t eingef\u00fcgt. &nbsp;<\/p>\n\n\n\n<aside class=\"wp-block-group ct-box ct-box-blue has-background is-vertical is-layout-flex wp-container-core-group-is-layout-002f1c27 wp-block-group-is-layout-flex\" style=\"border-radius:8px;border-left-color:#3e70ce;border-left-width:0.5rem;background-color:#f3f5f7;margin-top:var(--wp--preset--spacing--60);margin-bottom:var(--wp--preset--spacing--60)\">\n<p style=\"margin-top:0.5rem;margin-right:0.5rem;margin-bottom:0rem;margin-left:0.5rem\"><strong>Hinweis<\/strong><\/p>\n\n\n\n<p style=\"margin-top:0rem;margin-right:0.5rem;margin-bottom:0.5rem;margin-left:0.5rem\">Wenn du die <em><strong>iCal-Datei<\/strong><\/em> (2) des Kalenders herunterl\u00e4dst und diese in deiner Kalenderanwendung einbindest, wird lediglich der aktuelle Stand des heruntergeladenen Kalenders eingebunden, aber keine neuen Termine synchronisiert. Die Termine werden nur dann aktualisiert, wenn du den Kalender <em><strong>abonnierst<\/strong><\/em> (1) oder <em><strong>manuell einf\u00fcgst<\/strong><\/em> (3).<\/p>\n<\/aside>\n\n\n\n<figure class=\"wp-block-image\"><img decoding=\"async\" width=\"440\" height=\"617\" src=\"https:\/\/staging.churchtools.academy\/wp-content\/uploads\/2024\/06\/image-15.png\" alt=\"\" class=\"wp-image-8204\" srcset=\"https:\/\/staging.churchtools.academy\/wp-content\/uploads\/2024\/06\/image-15.png 440w, https:\/\/staging.churchtools.academy\/wp-content\/uploads\/2024\/06\/image-15-214x300.png 214w, https:\/\/staging.churchtools.academy\/wp-content\/uploads\/2024\/06\/image-15-360x505.png 360w\" sizes=\"(max-width: 440px) 100vw, 440px\" \/><\/figure>\n\n\n\n<p> &nbsp;<\/p>\n\n\n\n<aside class=\"wp-block-group ct-box ct-box-blue has-background is-vertical is-layout-flex wp-container-core-group-is-layout-002f1c27 wp-block-group-is-layout-flex\" style=\"border-radius:8px;border-left-color:#22c55e;border-left-width:0.5rem;background-color:#dcfce7;margin-top:var(--wp--preset--spacing--60);margin-bottom:var(--wp--preset--spacing--60)\">\n<p style=\"margin-top:0.5rem;margin-right:0.5rem;margin-bottom:0rem;margin-left:0.5rem\"><strong>Tipp<\/strong><\/p>\n\n\n\n<p style=\"margin-top:0rem;margin-right:0.5rem;margin-bottom:0.5rem;margin-left:0.5rem\">Alle \u00f6ffentlichen Kalender deiner Gemeinde (Kalender, welche ohne ChurchTools-Login sichtbar sind) kannst du \u00fcber folgenden iCal-Link abonnieren: https:\/\/gemeindename.churchtools.de\/?q=churchcal\/ical<\/p>\n<\/aside>\n\n\n\n<h2 class=\"wp-block-heading\">Kalenderabonnement in Microsoft 365<\/h2>\n\n\n\n<p>Um ChurchTools Kalender in Microsoft 365 zu abonnieren, gehe folgenderma\u00dfen vor: &nbsp;<\/p>\n\n\n\n<h3 class=\"wp-block-heading\">a) MS365 Kalender aufrufen<\/h3>\n\n\n\n<p>Melde dich im Browser bei Microsoft 365 an und navigiere zu <em><strong>Kalender<\/strong><\/em><\/p>\n\n\n\n<figure class=\"wp-block-image size-full\"><a href=\"https:\/\/staging.churchtools.academy\/wp-content\/uploads\/2024\/06\/image-435.png\"><img decoding=\"async\" width=\"940\" height=\"369\" src=\"https:\/\/staging.churchtools.academy\/wp-content\/uploads\/2024\/06\/image-435.png\" alt=\"\" class=\"wp-image-17669\" srcset=\"https:\/\/staging.churchtools.academy\/wp-content\/uploads\/2024\/06\/image-435.png 940w, https:\/\/staging.churchtools.academy\/wp-content\/uploads\/2024\/06\/image-435-300x118.png 300w, https:\/\/staging.churchtools.academy\/wp-content\/uploads\/2024\/06\/image-435-768x301.png 768w, https:\/\/staging.churchtools.academy\/wp-content\/uploads\/2024\/06\/image-435-360x141.png 360w\" sizes=\"(max-width: 940px) 100vw, 940px\" \/><\/a><\/figure>\n\n\n\n<h3 class=\"wp-block-heading\">b) Kalender hinzuf\u00fcgen<\/h3>\n\n\n\n<p>Starte den Prozess um den <em>Kalender hinzuzuf\u00fcgen<\/em>.<\/p>\n\n\n\n<figure class=\"wp-block-image\"><img loading=\"lazy\" decoding=\"async\" width=\"340\" height=\"700\" src=\"https:\/\/staging.churchtools.academy\/wp-content\/uploads\/2024\/06\/image-14.png\" alt=\"\" class=\"wp-image-8201\" srcset=\"https:\/\/staging.churchtools.academy\/wp-content\/uploads\/2024\/06\/image-14.png 340w, https:\/\/staging.churchtools.academy\/wp-content\/uploads\/2024\/06\/image-14-146x300.png 146w, https:\/\/staging.churchtools.academy\/wp-content\/uploads\/2024\/06\/image-14-249x512.png 249w\" sizes=\"(max-width: 340px) 100vw, 340px\" \/><\/figure>\n\n\n\n<p><\/p>\n\n\n\n<h3 class=\"wp-block-heading\">c) webcal-Link einf\u00fcgen<\/h3>\n\n\n\n<p>Kopiere den webcal-Link aus ChurchTools und f\u00fcge ihn durch Ausw\u00e4hlen der Option <em><strong>aus dem Internet abonnieren<\/strong><\/em> in Microsoft 365 ein.<\/p>\n\n\n\n<figure class=\"wp-block-image\"><img loading=\"lazy\" decoding=\"async\" width=\"940\" height=\"233\" src=\"https:\/\/staging.churchtools.academy\/wp-content\/uploads\/2024\/06\/image-16.png\" alt=\"\" class=\"wp-image-8203\" srcset=\"https:\/\/staging.churchtools.academy\/wp-content\/uploads\/2024\/06\/image-16.png 940w, https:\/\/staging.churchtools.academy\/wp-content\/uploads\/2024\/06\/image-16-300x74.png 300w, https:\/\/staging.churchtools.academy\/wp-content\/uploads\/2024\/06\/image-16-768x190.png 768w, https:\/\/staging.churchtools.academy\/wp-content\/uploads\/2024\/06\/image-16-360x89.png 360w\" sizes=\"(max-width: 940px) 100vw, 940px\" \/><\/figure>\n\n\n\n<aside class=\"wp-block-group ct-box ct-box-blue has-text-color has-background has-link-color wp-elements-74648fa9a9506de5179716347194bc98 is-vertical is-layout-flex wp-container-core-group-is-layout-002f1c27 wp-block-group-is-layout-flex\" style=\"border-radius:8px;border-left-color:#e7c000;border-left-width:0.5rem;color:#3f3400;background-color:#ffe5644d;margin-top:var(--wp--preset--spacing--60);margin-bottom:var(--wp--preset--spacing--60)\">\n<p style=\"margin-top:0.5rem;margin-right:0.5rem;margin-bottom:0rem;margin-left:0.5rem\"><strong>Warnung<\/strong><\/p>\n\n\n\n<p style=\"margin-top:0rem;margin-right:0.5rem;margin-bottom:0.5rem;margin-left:0.5rem\">Du musst in ChurchTools zwingend die Option <em><strong>Kalender abonnieren<\/strong><\/em> ausw\u00e4hlen und den dadurch generierten webcal-Link verwenden (siehe Screenshot unter<em><strong>4. iCal-Link\/Datei abrufen<\/strong><\/em> (1); der direkt im Auswahlfenster abrufbare iCal-Link (3) funktioniert in Microsoft 365 leider nicht).<\/p>\n<\/aside>\n\n\n\n<h3 class=\"wp-block-heading\">d) Kalender importieren<\/h3>\n\n\n\n<p><em>Benenne<\/em> den Kalender und <em>importiere<\/em> ihn anschlie\u00dfend.<\/p>\n\n\n\n<figure class=\"wp-block-image size-full\"><a href=\"https:\/\/staging.churchtools.academy\/wp-content\/uploads\/2024\/06\/image-436.png\"><img loading=\"lazy\" decoding=\"async\" width=\"440\" height=\"610\" src=\"https:\/\/staging.churchtools.academy\/wp-content\/uploads\/2024\/06\/image-436.png\" alt=\"\" class=\"wp-image-17672\" srcset=\"https:\/\/staging.churchtools.academy\/wp-content\/uploads\/2024\/06\/image-436.png 440w, https:\/\/staging.churchtools.academy\/wp-content\/uploads\/2024\/06\/image-436-216x300.png 216w, https:\/\/staging.churchtools.academy\/wp-content\/uploads\/2024\/06\/image-436-360x499.png 360w\" sizes=\"(max-width: 440px) 100vw, 440px\" \/><\/a><\/figure>\n","protected":false},"excerpt":{"rendered":"<p>Kalender k\u00f6nnen per iCal abonniert werden. 1. Voraussetzung Damit iCal funktioniert muss der Administrator deiner Installation dem \u00d6ffentlichen Benutzer das Recht &#8222;Kalender sehen&#8220; einr\u00e4umen. Funktioniert der iCal-Link bei dir nicht, melde dich bitte bei deinem Administrator. 2. iCal-Link\/Datei anzeigen \u00d6ffne das Drei-Punkt-Men\u00fc (1) des Kalenders, welchen du synchronisieren m\u00f6chtest, und w\u00e4hle Abonnieren (2) aus. 3. [&hellip;]<\/p>\n","protected":false},"author":6,"featured_media":0,"comment_status":"closed","ping_status":"closed","template":"","meta":{"_acf_changed":false,"footnotes":""},"doc_category":[277],"doc_tag":[268],"knowledge_base":[172],"class_list":["post-7534","docs","type-docs","status-publish","hentry","doc_category-abonnements-erinnerungen","doc_tag-inhalt-veraltet","knowledge_base-churchtools-module"],"acf":[],"year_month":"2026-05","word_count":175,"total_views":"1623","reactions":{"happy":"1","normal":"0","sad":"1"},"author_info":{"name":"Jasper Stehmeier","author_nicename":"jstehmeier","author_url":"https:\/\/staging.churchtools.academy\/de\/author\/jstehmeier\/"},"doc_category_info":[{"term_name":"Abonnements\/Erinnerungen","term_url":"https:\/\/staging.churchtools.academy\/de\/help\/churchtools-module\/abonnements-erinnerungen\/"}],"doc_tag_info":[{"term_name":"Inhalt veraltet","term_url":"https:\/\/staging.churchtools.academy\/de\/docs-tag\/inhalt-veraltet\/"}],"knowledge_base_info":[{"term_name":"Module","term_url":"https:\/\/staging.churchtools.academy\/de\/help\/churchtools-module\/","term_slug":"churchtools-module"}],"knowledge_base_slug":["churchtools-module"],"_links":{"self":[{"href":"https:\/\/staging.churchtools.academy\/de\/wp-json\/wp\/v2\/docs\/7534","targetHints":{"allow":["GET"]}}],"collection":[{"href":"https:\/\/staging.churchtools.academy\/de\/wp-json\/wp\/v2\/docs"}],"about":[{"href":"https:\/\/staging.churchtools.academy\/de\/wp-json\/wp\/v2\/types\/docs"}],"author":[{"embeddable":true,"href":"https:\/\/staging.churchtools.academy\/de\/wp-json\/wp\/v2\/users\/6"}],"replies":[{"embeddable":true,"href":"https:\/\/staging.churchtools.academy\/de\/wp-json\/wp\/v2\/comments?post=7534"}],"version-history":[{"count":5,"href":"https:\/\/staging.churchtools.academy\/de\/wp-json\/wp\/v2\/docs\/7534\/revisions"}],"predecessor-version":[{"id":17674,"href":"https:\/\/staging.churchtools.academy\/de\/wp-json\/wp\/v2\/docs\/7534\/revisions\/17674"}],"wp:attachment":[{"href":"https:\/\/staging.churchtools.academy\/de\/wp-json\/wp\/v2\/media?parent=7534"}],"wp:term":[{"taxonomy":"doc_category","embeddable":true,"href":"https:\/\/staging.churchtools.academy\/de\/wp-json\/wp\/v2\/doc_category?post=7534"},{"taxonomy":"doc_tag","embeddable":true,"href":"https:\/\/staging.churchtools.academy\/de\/wp-json\/wp\/v2\/doc_tag?post=7534"},{"taxonomy":"knowledge_base","embeddable":true,"href":"https:\/\/staging.churchtools.academy\/de\/wp-json\/wp\/v2\/knowledge_base?post=7534"}],"curies":[{"name":"wp","href":"https:\/\/api.w.org\/{rel}","templated":true}]}}

<p>Kalender können per iCal abonniert werden.</p>



<h2 class="wp-block-heading">1. Voraussetzung</h2>



<p>Damit iCal funktioniert muss der Administrator deiner Installation dem Öffentlichen Benutzer das Recht &#8222;Kalender sehen&#8220; einräumen. Funktioniert der iCal-Link bei dir nicht, melde dich bitte bei deinem Administrator.</p>



<h2 class="wp-block-heading">2. iCal-Link/Datei anzeigen</h2>



<p>Öffne das <em><strong>Drei-Punkt-Menü</strong></em> (1) des Kalenders, welchen du synchronisieren möchtest, und wähle <em><strong>Abonnieren</strong></em> (2) aus.</p>



<figure class="wp-block-image"><img fetchpriority="high" decoding="async" width="540" height="445" src="https://staging.churchtools.academy/wp-content/uploads/2024/06/image-13.png" alt="" class="wp-image-8199" srcset="https://staging.churchtools.academy/wp-content/uploads/2024/06/image-13.png 540w, https://staging.churchtools.academy/wp-content/uploads/2024/06/image-13-300x247.png 300w, https://staging.churchtools.academy/wp-content/uploads/2024/06/image-13-360x297.png 360w" sizes="(max-width: 540px) 100vw, 540px" /></figure>



<p></p>



<h2 class="wp-block-heading">3. iCal-Link/Datei abrufen</h2>



<p>Lade die <em><strong>iCal-Datei</strong></em> (2) herunter oder kopiere den <em><strong>iCal-Link</strong></em> (3) um diesen im Kalenderprogramm deiner Wahl einzufügen. Mit Klick auf <em><strong>Kalender abonnieren</strong></em> (1) wird der webcal-Link automatisch in der Standardanwendung für Kalender auf deinem Gerät eingefügt. &nbsp;</p>



<aside class="wp-block-group ct-box ct-box-blue has-background is-vertical is-layout-flex wp-container-core-group-is-layout-002f1c27 wp-block-group-is-layout-flex" style="border-radius:8px;border-left-color:#3e70ce;border-left-width:0.5rem;background-color:#f3f5f7;margin-top:var(--wp--preset--spacing--60);margin-bottom:var(--wp--preset--spacing--60)">
<p style="margin-top:0.5rem;margin-right:0.5rem;margin-bottom:0rem;margin-left:0.5rem"><strong>Hinweis</strong></p>



<p style="margin-top:0rem;margin-right:0.5rem;margin-bottom:0.5rem;margin-left:0.5rem">Wenn du die <em><strong>iCal-Datei</strong></em> (2) des Kalenders herunterlädst und diese in deiner Kalenderanwendung einbindest, wird lediglich der aktuelle Stand des heruntergeladenen Kalenders eingebunden, aber keine neuen Termine synchronisiert. Die Termine werden nur dann aktualisiert, wenn du den Kalender <em><strong>abonnierst</strong></em> (1) oder <em><strong>manuell einfügst</strong></em> (3).</p>
</aside>



<figure class="wp-block-image"><img decoding="async" width="440" height="617" src="https://staging.churchtools.academy/wp-content/uploads/2024/06/image-15.png" alt="" class="wp-image-8204" srcset="https://staging.churchtools.academy/wp-content/uploads/2024/06/image-15.png 440w, https://staging.churchtools.academy/wp-content/uploads/2024/06/image-15-214x300.png 214w, https://staging.churchtools.academy/wp-content/uploads/2024/06/image-15-360x505.png 360w" sizes="(max-width: 440px) 100vw, 440px" /></figure>



<p> &nbsp;</p>



<aside class="wp-block-group ct-box ct-box-blue has-background is-vertical is-layout-flex wp-container-core-group-is-layout-002f1c27 wp-block-group-is-layout-flex" style="border-radius:8px;border-left-color:#22c55e;border-left-width:0.5rem;background-color:#dcfce7;margin-top:var(--wp--preset--spacing--60);margin-bottom:var(--wp--preset--spacing--60)">
<p style="margin-top:0.5rem;margin-right:0.5rem;margin-bottom:0rem;margin-left:0.5rem"><strong>Tipp</strong></p>



<p style="margin-top:0rem;margin-right:0.5rem;margin-bottom:0.5rem;margin-left:0.5rem">Alle öffentlichen Kalender deiner Gemeinde (Kalender, welche ohne ChurchTools-Login sichtbar sind) kannst du über folgenden iCal-Link abonnieren: https://gemeindename.churchtools.de/?q=churchcal/ical</p>
</aside>



<h2 class="wp-block-heading">Kalenderabonnement in Microsoft 365</h2>



<p>Um ChurchTools Kalender in Microsoft 365 zu abonnieren, gehe folgendermaßen vor: &nbsp;</p>



<h3 class="wp-block-heading">a) MS365 Kalender aufrufen</h3>



<p>Melde dich im Browser bei Microsoft 365 an und navigiere zu <em><strong>Kalender</strong></em></p>



<figure class="wp-block-image size-full"><a href="https://staging.churchtools.academy/wp-content/uploads/2024/06/image-435.png"><img decoding="async" width="940" height="369" src="https://staging.churchtools.academy/wp-content/uploads/2024/06/image-435.png" alt="" class="wp-image-17669" srcset="https://staging.churchtools.academy/wp-content/uploads/2024/06/image-435.png 940w, https://staging.churchtools.academy/wp-content/uploads/2024/06/image-435-300x118.png 300w, https://staging.churchtools.academy/wp-content/uploads/2024/06/image-435-768x301.png 768w, https://staging.churchtools.academy/wp-content/uploads/2024/06/image-435-360x141.png 360w" sizes="(max-width: 940px) 100vw, 940px" /></a></figure>



<h3 class="wp-block-heading">b) Kalender hinzufügen</h3>



<p>Starte den Prozess um den <em>Kalender hinzuzufügen</em>.</p>



<figure class="wp-block-image"><img loading="lazy" decoding="async" width="340" height="700" src="https://staging.churchtools.academy/wp-content/uploads/2024/06/image-14.png" alt="" class="wp-image-8201" srcset="https://staging.churchtools.academy/wp-content/uploads/2024/06/image-14.png 340w, https://staging.churchtools.academy/wp-content/uploads/2024/06/image-14-146x300.png 146w, https://staging.churchtools.academy/wp-content/uploads/2024/06/image-14-249x512.png 249w" sizes="(max-width: 340px) 100vw, 340px" /></figure>



<p></p>



<h3 class="wp-block-heading">c) webcal-Link einfügen</h3>



<p>Kopiere den webcal-Link aus ChurchTools und füge ihn durch Auswählen der Option <em><strong>aus dem Internet abonnieren</strong></em> in Microsoft 365 ein.</p>



<figure class="wp-block-image"><img loading="lazy" decoding="async" width="940" height="233" src="https://staging.churchtools.academy/wp-content/uploads/2024/06/image-16.png" alt="" class="wp-image-8203" srcset="https://staging.churchtools.academy/wp-content/uploads/2024/06/image-16.png 940w, https://staging.churchtools.academy/wp-content/uploads/2024/06/image-16-300x74.png 300w, https://staging.churchtools.academy/wp-content/uploads/2024/06/image-16-768x190.png 768w, https://staging.churchtools.academy/wp-content/uploads/2024/06/image-16-360x89.png 360w" sizes="(max-width: 940px) 100vw, 940px" /></figure>



<aside class="wp-block-group ct-box ct-box-blue has-text-color has-background has-link-color wp-elements-74648fa9a9506de5179716347194bc98 is-vertical is-layout-flex wp-container-core-group-is-layout-002f1c27 wp-block-group-is-layout-flex" style="border-radius:8px;border-left-color:#e7c000;border-left-width:0.5rem;color:#3f3400;background-color:#ffe5644d;margin-top:var(--wp--preset--spacing--60);margin-bottom:var(--wp--preset--spacing--60)">
<p style="margin-top:0.5rem;margin-right:0.5rem;margin-bottom:0rem;margin-left:0.5rem"><strong>Warnung</strong></p>



<p style="margin-top:0rem;margin-right:0.5rem;margin-bottom:0.5rem;margin-left:0.5rem">Du musst in ChurchTools zwingend die Option <em><strong>Kalender abonnieren</strong></em> auswählen und den dadurch generierten webcal-Link verwenden (siehe Screenshot unter<em><strong>4. iCal-Link/Datei abrufen</strong></em> (1); der direkt im Auswahlfenster abrufbare iCal-Link (3) funktioniert in Microsoft 365 leider nicht).</p>
</aside>



<h3 class="wp-block-heading">d) Kalender importieren</h3>



<p><em>Benenne</em> den Kalender und <em>importiere</em> ihn anschließend.</p>



<figure class="wp-block-image size-full"><a href="https://staging.churchtools.academy/wp-content/uploads/2024/06/image-436.png"><img loading="lazy" decoding="async" width="440" height="610" src="https://staging.churchtools.academy/wp-content/uploads/2024/06/image-436.png" alt="" class="wp-image-17672" srcset="https://staging.churchtools.academy/wp-content/uploads/2024/06/image-436.png 440w, https://staging.churchtools.academy/wp-content/uploads/2024/06/image-436-216x300.png 216w, https://staging.churchtools.academy/wp-content/uploads/2024/06/image-436-360x499.png 360w" sizes="(max-width: 440px) 100vw, 440px" /></a></figure>

<p>Kalender können per iCal abonniert werden. 1. Voraussetzung Damit iCal funktioniert muss der Administrator deiner Installation dem Öffentlichen Benutzer das Recht &#8222;Kalender sehen&#8220; einräumen. Funktioniert der iCal-Link bei dir nicht, melde dich bitte bei deinem Administrator. 2. iCal-Link/Datei anzeigen Öffne das Drei-Punkt-Menü (1) des Kalenders, welchen du synchronisieren möchtest, und wähle Abonnieren (2) aus. 3. [&hellip;]</p>
