{"id":7453,"date":"2019-07-10T11:50:37","date_gmt":"2019-07-10T09:50:37","guid":{"rendered":"https:\/\/leogeracademy.hestia.wpspace.me\/?post_type=docs&#038;p=7453"},"modified":"2024-12-10T17:03:36","modified_gmt":"2024-12-10T16:03:36","password":"","slug":"0-uberblick-und-erinnerungen-fur-eigene-dienste","status":"publish","type":"docs","link":"https:\/\/staging.churchtools.academy\/de\/help\/churchtools-module\/mitarbeiter\/0-uberblick-und-erinnerungen-fur-eigene-dienste\/","title":{"rendered":"\u00dcberblick und Erinnerungen f\u00fcr eigene Dienste"},"content":{"rendered":"\n<p>F\u00fcr den Mitarbeiter gibt es unterschiedliche M\u00f6glichkeiten, seine Dienste zu verwalten und erinnert zu werden.<\/p>\n\n\n\n<h2 class=\"wp-block-heading\">Eigeninitiative: Abwesenheiten und Pr\u00e4ferenzen<\/h2>\n\n\n\n<h3 class=\"wp-block-heading\">Abwesenheit eintragen<\/h3>\n\n\n\n<p>Damit man Dienste nicht unn\u00f6tig absagen muss, sollte man regelm\u00e4\u00dfig seine Abwesenheiten eintragen.<br>Diese M\u00f6glichkeit findet man im Modul &#8222;Events&#8220; im Hauptmen\u00fc links:<\/p>\n\n\n\n<p><\/p>\n\n\n\n<figure class=\"wp-block-image size-full\"><a href=\"https:\/\/staging.churchtools.academy\/wp-content\/uploads\/2019\/07\/image-10.png\"><img fetchpriority=\"high\" decoding=\"async\" width=\"453\" height=\"289\" src=\"https:\/\/staging.churchtools.academy\/wp-content\/uploads\/2019\/07\/image-10.png\" alt=\"\" class=\"wp-image-17622\" srcset=\"https:\/\/staging.churchtools.academy\/wp-content\/uploads\/2019\/07\/image-10.png 453w, https:\/\/staging.churchtools.academy\/wp-content\/uploads\/2019\/07\/image-10-300x191.png 300w, https:\/\/staging.churchtools.academy\/wp-content\/uploads\/2019\/07\/image-10-360x230.png 360w\" sizes=\"(max-width: 453px) 100vw, 453px\" \/><\/a><\/figure>\n\n\n\n<p><\/p>\n\n\n\n<p>Es \u00f6ffnet sich ein Dialog, in dem man allgemeine und sehr spezielle Abwesenheiten f\u00fcr sich selbst und (je nach Berechtigung) f\u00fcr andere eintragen kann:<\/p>\n\n\n\n<p><\/p>\n\n\n\n<figure class=\"wp-block-image size-full\"><a href=\"https:\/\/staging.churchtools.academy\/wp-content\/uploads\/2019\/07\/image-11.png\"><img decoding=\"async\" width=\"884\" height=\"691\" src=\"https:\/\/staging.churchtools.academy\/wp-content\/uploads\/2019\/07\/image-11.png\" alt=\"\" class=\"wp-image-17624\" srcset=\"https:\/\/staging.churchtools.academy\/wp-content\/uploads\/2019\/07\/image-11.png 884w, https:\/\/staging.churchtools.academy\/wp-content\/uploads\/2019\/07\/image-11-300x235.png 300w, https:\/\/staging.churchtools.academy\/wp-content\/uploads\/2019\/07\/image-11-768x600.png 768w, https:\/\/staging.churchtools.academy\/wp-content\/uploads\/2019\/07\/image-11-360x281.png 360w\" sizes=\"(max-width: 884px) 100vw, 884px\" \/><\/a><\/figure>\n\n\n\n<p><\/p>\n\n\n\n<p>Mehr Hilfestellung dazu gibt es auf der Seite <a href=\"https:\/\/staging.churchtools.academy\/help\/churchtools-module\/mitarbeiter\/0-abwesenheit\/\" type=\"docs\" id=\"7236\">Abwesenheiten<\/a>.<\/p>\n\n\n\n<h3 class=\"wp-block-heading\">Pers\u00f6nliche Pr\u00e4ferenzen eintragen<\/h3>\n\n\n\n<p>Es gibt die M\u00f6glichkeit, seine Dienst-Pr\u00e4ferenzen einzutragen &#8211; wie h\u00e4ufig und in welcher Konstellation man mitarbeitern m\u00f6chte.<\/p>\n\n\n\n<p><\/p>\n\n\n\n<figure class=\"wp-block-image size-full\"><a href=\"https:\/\/staging.churchtools.academy\/wp-content\/uploads\/2019\/07\/image-12.png\"><img decoding=\"async\" width=\"598\" height=\"290\" src=\"https:\/\/staging.churchtools.academy\/wp-content\/uploads\/2019\/07\/image-12.png\" alt=\"\" class=\"wp-image-17626\" srcset=\"https:\/\/staging.churchtools.academy\/wp-content\/uploads\/2019\/07\/image-12.png 598w, https:\/\/staging.churchtools.academy\/wp-content\/uploads\/2019\/07\/image-12-300x145.png 300w, https:\/\/staging.churchtools.academy\/wp-content\/uploads\/2019\/07\/image-12-360x175.png 360w\" sizes=\"(max-width: 598px) 100vw, 598px\" \/><\/a><\/figure>\n\n\n\n<p><\/p>\n\n\n\n<p>Wo diese Funktion zu finden ist, erf\u00e4hrt man <a href=\"https:\/\/staging.churchtools.academy\/help\/churchtools-module\/mitarbeiter\/0-dienst-praferenzen-eines-mitarbeiters\/\" type=\"docs\" id=\"7319\">hier<\/a>.<\/p>\n\n\n\n<h2 class=\"wp-block-heading\">Antworten auf Dienstanfragen<\/h2>\n\n\n\n<p>Um Dienstanfragen per E-Mail und App zu erhalten, muss der Gruppenleiter diese Dienstanfragen aktiviert haben. Alle Einstellungen dazu werden <a href=\"https:\/\/staging.churchtools.academy\/help\/churchtools-module\/verwalten-events\/40-dienste-und-dienstkategorien\/\" type=\"docs\" id=\"7129\">hier<\/a> erkl\u00e4rt.<\/p>\n\n\n\n<p>Wenn ein Leiter einen Mitarbeiter eintr\u00e4gt, erh\u00e4lt dieser Benachrichtigungen:<\/p>\n\n\n\n<div class=\"wp-block-columns is-layout-flex wp-container-core-columns-is-layout-28f84493 wp-block-columns-is-layout-flex\">\n<div class=\"wp-block-column is-layout-flow wp-block-column-is-layout-flow\">\n<p>Per Mail:<\/p>\n<\/div>\n\n\n\n<div class=\"wp-block-column is-layout-flow wp-block-column-is-layout-flow\">\n<figure class=\"wp-block-image size-large\"><a href=\"https:\/\/staging.churchtools.academy\/wp-content\/uploads\/2019\/07\/image-13.png\"><img loading=\"lazy\" decoding=\"async\" width=\"1024\" height=\"825\" src=\"https:\/\/staging.churchtools.academy\/wp-content\/uploads\/2019\/07\/image-13-1024x825.png\" alt=\"\" class=\"wp-image-17628\" srcset=\"https:\/\/staging.churchtools.academy\/wp-content\/uploads\/2019\/07\/image-13-1024x825.png 1024w, https:\/\/staging.churchtools.academy\/wp-content\/uploads\/2019\/07\/image-13-300x242.png 300w, https:\/\/staging.churchtools.academy\/wp-content\/uploads\/2019\/07\/image-13-768x619.png 768w, https:\/\/staging.churchtools.academy\/wp-content\/uploads\/2019\/07\/image-13-360x290.png 360w, https:\/\/staging.churchtools.academy\/wp-content\/uploads\/2019\/07\/image-13.png 1115w\" sizes=\"(max-width: 1024px) 100vw, 1024px\" \/><\/a><\/figure>\n<\/div>\n<\/div>\n\n\n\n<div class=\"wp-block-columns is-layout-flex wp-container-core-columns-is-layout-28f84493 wp-block-columns-is-layout-flex\">\n<div class=\"wp-block-column is-layout-flow wp-block-column-is-layout-flow\">\n<p>Per App:<\/p>\n<\/div>\n\n\n\n<div class=\"wp-block-column is-layout-flow wp-block-column-is-layout-flow\">\n<figure class=\"wp-block-image size-large is-resized\"><a href=\"https:\/\/staging.churchtools.academy\/wp-content\/uploads\/2019\/07\/image-14.png\"><img loading=\"lazy\" decoding=\"async\" width=\"576\" height=\"1024\" src=\"https:\/\/staging.churchtools.academy\/wp-content\/uploads\/2019\/07\/image-14-576x1024.png\" alt=\"\" class=\"wp-image-17631\" style=\"width:266px;height:auto\" srcset=\"https:\/\/staging.churchtools.academy\/wp-content\/uploads\/2019\/07\/image-14-576x1024.png 576w, https:\/\/staging.churchtools.academy\/wp-content\/uploads\/2019\/07\/image-14-169x300.png 169w, https:\/\/staging.churchtools.academy\/wp-content\/uploads\/2019\/07\/image-14-288x512.png 288w, https:\/\/staging.churchtools.academy\/wp-content\/uploads\/2019\/07\/image-14.png 750w\" sizes=\"(max-width: 576px) 100vw, 576px\" \/><\/a><\/figure>\n<\/div>\n<\/div>\n\n\n\n<div class=\"wp-block-columns is-layout-flex wp-container-core-columns-is-layout-28f84493 wp-block-columns-is-layout-flex\">\n<div class=\"wp-block-column is-layout-flow wp-block-column-is-layout-flow\">\n<p>Im Event-Modul:<\/p>\n<\/div>\n\n\n\n<div class=\"wp-block-column is-layout-flow wp-block-column-is-layout-flow\">\n<figure class=\"wp-block-image size-full\"><a href=\"https:\/\/staging.churchtools.academy\/wp-content\/uploads\/2019\/07\/image-16.png\"><img loading=\"lazy\" decoding=\"async\" width=\"293\" height=\"402\" src=\"https:\/\/staging.churchtools.academy\/wp-content\/uploads\/2019\/07\/image-16.png\" alt=\"\" class=\"wp-image-17635\" srcset=\"https:\/\/staging.churchtools.academy\/wp-content\/uploads\/2019\/07\/image-16.png 293w, https:\/\/staging.churchtools.academy\/wp-content\/uploads\/2019\/07\/image-16-219x300.png 219w\" sizes=\"(max-width: 293px) 100vw, 293px\" \/><\/a><\/figure>\n<\/div>\n<\/div>\n\n\n\n<div class=\"wp-block-columns is-layout-flex wp-container-core-columns-is-layout-28f84493 wp-block-columns-is-layout-flex\">\n<div class=\"wp-block-column is-layout-flow wp-block-column-is-layout-flow\">\n<p>Auf der Startseite:<\/p>\n<\/div>\n\n\n\n<div class=\"wp-block-column is-layout-flow wp-block-column-is-layout-flow\">\n<figure class=\"wp-block-image size-full\"><a href=\"https:\/\/staging.churchtools.academy\/wp-content\/uploads\/2019\/07\/image-17.png\"><img loading=\"lazy\" decoding=\"async\" width=\"588\" height=\"189\" src=\"https:\/\/staging.churchtools.academy\/wp-content\/uploads\/2019\/07\/image-17.png\" alt=\"\" class=\"wp-image-17637\" srcset=\"https:\/\/staging.churchtools.academy\/wp-content\/uploads\/2019\/07\/image-17.png 588w, https:\/\/staging.churchtools.academy\/wp-content\/uploads\/2019\/07\/image-17-300x96.png 300w, https:\/\/staging.churchtools.academy\/wp-content\/uploads\/2019\/07\/image-17-360x116.png 360w\" sizes=\"(max-width: 588px) 100vw, 588px\" \/><\/a><\/figure>\n<\/div>\n<\/div>\n\n\n\n<p>Man hat \u00fcberall die M\u00f6glichkeit, Dienste zuzusagen, (mit und ohne Begr\u00fcndung) abzusagen oder auch den <a href=\"https:\/\/staging.churchtools.academy\/help\/churchtools-module\/verwalten-events\/0-tauschen-button\/\" type=\"docs\" id=\"7452\">Dienst zu tauschen<\/a>.<\/p>\n\n\n\n<p><\/p>\n\n\n\n<p><\/p>\n","protected":false},"excerpt":{"rendered":"<p>F\u00fcr den Mitarbeiter gibt es unterschiedliche M\u00f6glichkeiten, seine Dienste zu verwalten und erinnert zu werden. Eigeninitiative: Abwesenheiten und Pr\u00e4ferenzen Abwesenheit eintragen Damit man Dienste nicht unn\u00f6tig absagen muss, sollte man regelm\u00e4\u00dfig seine Abwesenheiten eintragen.Diese M\u00f6glichkeit findet man im Modul &#8222;Events&#8220; im Hauptmen\u00fc links: Es \u00f6ffnet sich ein Dialog, in dem man allgemeine und sehr spezielle [&hellip;]<\/p>\n","protected":false},"author":3,"featured_media":0,"comment_status":"closed","ping_status":"closed","template":"","meta":{"_acf_changed":false,"footnotes":""},"doc_category":[290],"doc_tag":[268],"knowledge_base":[172],"class_list":["post-7453","docs","type-docs","status-publish","hentry","doc_category-mitarbeiter","doc_tag-inhalt-veraltet","knowledge_base-churchtools-module"],"acf":[],"year_month":"2026-05","word_count":186,"total_views":"1043","reactions":{"happy":"1","normal":"0","sad":"1"},"author_info":{"name":"Hans-Helge B\u00fcrger","author_nicename":"hhbuerger","author_url":"https:\/\/staging.churchtools.academy\/de\/author\/hhbuerger\/"},"doc_category_info":[{"term_name":"Mitarbeiter","term_url":"https:\/\/staging.churchtools.academy\/de\/help\/churchtools-module\/mitarbeiter\/"}],"doc_tag_info":[{"term_name":"Inhalt veraltet","term_url":"https:\/\/staging.churchtools.academy\/de\/docs-tag\/inhalt-veraltet\/"}],"knowledge_base_info":[{"term_name":"Module","term_url":"https:\/\/staging.churchtools.academy\/de\/help\/churchtools-module\/","term_slug":"churchtools-module"}],"knowledge_base_slug":["churchtools-module"],"_links":{"self":[{"href":"https:\/\/staging.churchtools.academy\/de\/wp-json\/wp\/v2\/docs\/7453","targetHints":{"allow":["GET"]}}],"collection":[{"href":"https:\/\/staging.churchtools.academy\/de\/wp-json\/wp\/v2\/docs"}],"about":[{"href":"https:\/\/staging.churchtools.academy\/de\/wp-json\/wp\/v2\/types\/docs"}],"author":[{"embeddable":true,"href":"https:\/\/staging.churchtools.academy\/de\/wp-json\/wp\/v2\/users\/3"}],"replies":[{"embeddable":true,"href":"https:\/\/staging.churchtools.academy\/de\/wp-json\/wp\/v2\/comments?post=7453"}],"version-history":[{"count":10,"href":"https:\/\/staging.churchtools.academy\/de\/wp-json\/wp\/v2\/docs\/7453\/revisions"}],"predecessor-version":[{"id":25402,"href":"https:\/\/staging.churchtools.academy\/de\/wp-json\/wp\/v2\/docs\/7453\/revisions\/25402"}],"wp:attachment":[{"href":"https:\/\/staging.churchtools.academy\/de\/wp-json\/wp\/v2\/media?parent=7453"}],"wp:term":[{"taxonomy":"doc_category","embeddable":true,"href":"https:\/\/staging.churchtools.academy\/de\/wp-json\/wp\/v2\/doc_category?post=7453"},{"taxonomy":"doc_tag","embeddable":true,"href":"https:\/\/staging.churchtools.academy\/de\/wp-json\/wp\/v2\/doc_tag?post=7453"},{"taxonomy":"knowledge_base","embeddable":true,"href":"https:\/\/staging.churchtools.academy\/de\/wp-json\/wp\/v2\/knowledge_base?post=7453"}],"curies":[{"name":"wp","href":"https:\/\/api.w.org\/{rel}","templated":true}]}}

Überblick und Erinnerungen für eigene Dienste

<p>Für den Mitarbeiter gibt es unterschiedliche Möglichkeiten, seine Dienste zu verwalten und erinnert zu werden.</p>



<h2 class="wp-block-heading">Eigeninitiative: Abwesenheiten und Präferenzen</h2>



<h3 class="wp-block-heading">Abwesenheit eintragen</h3>



<p>Damit man Dienste nicht unnötig absagen muss, sollte man regelmäßig seine Abwesenheiten eintragen.<br>Diese Möglichkeit findet man im Modul &#8222;Events&#8220; im Hauptmenü links:</p>



<p></p>



<figure class="wp-block-image size-full"><a href="https://staging.churchtools.academy/wp-content/uploads/2019/07/image-10.png"><img fetchpriority="high" decoding="async" width="453" height="289" src="https://staging.churchtools.academy/wp-content/uploads/2019/07/image-10.png" alt="" class="wp-image-17622" srcset="https://staging.churchtools.academy/wp-content/uploads/2019/07/image-10.png 453w, https://staging.churchtools.academy/wp-content/uploads/2019/07/image-10-300x191.png 300w, https://staging.churchtools.academy/wp-content/uploads/2019/07/image-10-360x230.png 360w" sizes="(max-width: 453px) 100vw, 453px" /></a></figure>



<p></p>



<p>Es öffnet sich ein Dialog, in dem man allgemeine und sehr spezielle Abwesenheiten für sich selbst und (je nach Berechtigung) für andere eintragen kann:</p>



<p></p>



<figure class="wp-block-image size-full"><a href="https://staging.churchtools.academy/wp-content/uploads/2019/07/image-11.png"><img decoding="async" width="884" height="691" src="https://staging.churchtools.academy/wp-content/uploads/2019/07/image-11.png" alt="" class="wp-image-17624" srcset="https://staging.churchtools.academy/wp-content/uploads/2019/07/image-11.png 884w, https://staging.churchtools.academy/wp-content/uploads/2019/07/image-11-300x235.png 300w, https://staging.churchtools.academy/wp-content/uploads/2019/07/image-11-768x600.png 768w, https://staging.churchtools.academy/wp-content/uploads/2019/07/image-11-360x281.png 360w" sizes="(max-width: 884px) 100vw, 884px" /></a></figure>



<p></p>



<p>Mehr Hilfestellung dazu gibt es auf der Seite <a href="https://staging.churchtools.academy/help/churchtools-module/mitarbeiter/0-abwesenheit/" type="docs" id="7236">Abwesenheiten</a>.</p>



<h3 class="wp-block-heading">Persönliche Präferenzen eintragen</h3>



<p>Es gibt die Möglichkeit, seine Dienst-Präferenzen einzutragen &#8211; wie häufig und in welcher Konstellation man mitarbeitern möchte.</p>



<p></p>



<figure class="wp-block-image size-full"><a href="https://staging.churchtools.academy/wp-content/uploads/2019/07/image-12.png"><img decoding="async" width="598" height="290" src="https://staging.churchtools.academy/wp-content/uploads/2019/07/image-12.png" alt="" class="wp-image-17626" srcset="https://staging.churchtools.academy/wp-content/uploads/2019/07/image-12.png 598w, https://staging.churchtools.academy/wp-content/uploads/2019/07/image-12-300x145.png 300w, https://staging.churchtools.academy/wp-content/uploads/2019/07/image-12-360x175.png 360w" sizes="(max-width: 598px) 100vw, 598px" /></a></figure>



<p></p>



<p>Wo diese Funktion zu finden ist, erfährt man <a href="https://staging.churchtools.academy/help/churchtools-module/mitarbeiter/0-dienst-praferenzen-eines-mitarbeiters/" type="docs" id="7319">hier</a>.</p>



<h2 class="wp-block-heading">Antworten auf Dienstanfragen</h2>



<p>Um Dienstanfragen per E-Mail und App zu erhalten, muss der Gruppenleiter diese Dienstanfragen aktiviert haben. Alle Einstellungen dazu werden <a href="https://staging.churchtools.academy/help/churchtools-module/verwalten-events/40-dienste-und-dienstkategorien/" type="docs" id="7129">hier</a> erklärt.</p>



<p>Wenn ein Leiter einen Mitarbeiter einträgt, erhält dieser Benachrichtigungen:</p>



<div class="wp-block-columns is-layout-flex wp-container-core-columns-is-layout-28f84493 wp-block-columns-is-layout-flex">
<div class="wp-block-column is-layout-flow wp-block-column-is-layout-flow">
<p>Per Mail:</p>
</div>



<div class="wp-block-column is-layout-flow wp-block-column-is-layout-flow">
<figure class="wp-block-image size-large"><a href="https://staging.churchtools.academy/wp-content/uploads/2019/07/image-13.png"><img loading="lazy" decoding="async" width="1024" height="825" src="https://staging.churchtools.academy/wp-content/uploads/2019/07/image-13-1024x825.png" alt="" class="wp-image-17628" srcset="https://staging.churchtools.academy/wp-content/uploads/2019/07/image-13-1024x825.png 1024w, https://staging.churchtools.academy/wp-content/uploads/2019/07/image-13-300x242.png 300w, https://staging.churchtools.academy/wp-content/uploads/2019/07/image-13-768x619.png 768w, https://staging.churchtools.academy/wp-content/uploads/2019/07/image-13-360x290.png 360w, https://staging.churchtools.academy/wp-content/uploads/2019/07/image-13.png 1115w" sizes="(max-width: 1024px) 100vw, 1024px" /></a></figure>
</div>
</div>



<div class="wp-block-columns is-layout-flex wp-container-core-columns-is-layout-28f84493 wp-block-columns-is-layout-flex">
<div class="wp-block-column is-layout-flow wp-block-column-is-layout-flow">
<p>Per App:</p>
</div>



<div class="wp-block-column is-layout-flow wp-block-column-is-layout-flow">
<figure class="wp-block-image size-large is-resized"><a href="https://staging.churchtools.academy/wp-content/uploads/2019/07/image-14.png"><img loading="lazy" decoding="async" width="576" height="1024" src="https://staging.churchtools.academy/wp-content/uploads/2019/07/image-14-576x1024.png" alt="" class="wp-image-17631" style="width:266px;height:auto" srcset="https://staging.churchtools.academy/wp-content/uploads/2019/07/image-14-576x1024.png 576w, https://staging.churchtools.academy/wp-content/uploads/2019/07/image-14-169x300.png 169w, https://staging.churchtools.academy/wp-content/uploads/2019/07/image-14-288x512.png 288w, https://staging.churchtools.academy/wp-content/uploads/2019/07/image-14.png 750w" sizes="(max-width: 576px) 100vw, 576px" /></a></figure>
</div>
</div>



<div class="wp-block-columns is-layout-flex wp-container-core-columns-is-layout-28f84493 wp-block-columns-is-layout-flex">
<div class="wp-block-column is-layout-flow wp-block-column-is-layout-flow">
<p>Im Event-Modul:</p>
</div>



<div class="wp-block-column is-layout-flow wp-block-column-is-layout-flow">
<figure class="wp-block-image size-full"><a href="https://staging.churchtools.academy/wp-content/uploads/2019/07/image-16.png"><img loading="lazy" decoding="async" width="293" height="402" src="https://staging.churchtools.academy/wp-content/uploads/2019/07/image-16.png" alt="" class="wp-image-17635" srcset="https://staging.churchtools.academy/wp-content/uploads/2019/07/image-16.png 293w, https://staging.churchtools.academy/wp-content/uploads/2019/07/image-16-219x300.png 219w" sizes="(max-width: 293px) 100vw, 293px" /></a></figure>
</div>
</div>



<div class="wp-block-columns is-layout-flex wp-container-core-columns-is-layout-28f84493 wp-block-columns-is-layout-flex">
<div class="wp-block-column is-layout-flow wp-block-column-is-layout-flow">
<p>Auf der Startseite:</p>
</div>



<div class="wp-block-column is-layout-flow wp-block-column-is-layout-flow">
<figure class="wp-block-image size-full"><a href="https://staging.churchtools.academy/wp-content/uploads/2019/07/image-17.png"><img loading="lazy" decoding="async" width="588" height="189" src="https://staging.churchtools.academy/wp-content/uploads/2019/07/image-17.png" alt="" class="wp-image-17637" srcset="https://staging.churchtools.academy/wp-content/uploads/2019/07/image-17.png 588w, https://staging.churchtools.academy/wp-content/uploads/2019/07/image-17-300x96.png 300w, https://staging.churchtools.academy/wp-content/uploads/2019/07/image-17-360x116.png 360w" sizes="(max-width: 588px) 100vw, 588px" /></a></figure>
</div>
</div>



<p>Man hat überall die Möglichkeit, Dienste zuzusagen, (mit und ohne Begründung) abzusagen oder auch den <a href="https://staging.churchtools.academy/help/churchtools-module/verwalten-events/0-tauschen-button/" type="docs" id="7452">Dienst zu tauschen</a>.</p>



<p></p>



<p></p>

<p>Für den Mitarbeiter gibt es unterschiedliche Möglichkeiten, seine Dienste zu verwalten und erinnert zu werden. Eigeninitiative: Abwesenheiten und Präferenzen Abwesenheit eintragen Damit man Dienste nicht unnötig absagen muss, sollte man regelmäßig seine Abwesenheiten eintragen.Diese Möglichkeit findet man im Modul &#8222;Events&#8220; im Hauptmenü links: Es öffnet sich ein Dialog, in dem man allgemeine und sehr spezielle [&hellip;]</p>

Hans-Helge Bürger
