{"id":25921,"date":"2025-01-20T16:54:41","date_gmt":"2025-01-20T15:54:41","guid":{"rendered":"https:\/\/leogeracademy.hestia.wpspace.me\/?post_type=docs&#038;p=25921"},"modified":"2025-01-21T12:54:13","modified_gmt":"2025-01-21T11:54:13","password":"","slug":"wie-trage-ich-meine-abwesenheiten-ein","status":"publish","type":"docs","link":"https:\/\/staging.churchtools.academy\/de\/help\/churchtools-module\/weiteres-kalender\/wie-trage-ich-meine-abwesenheiten-ein\/","title":{"rendered":"Wie trage ich meine Abwesenheiten ein?"},"content":{"rendered":"\n<p>Du kannst in ChurchTools hinterlegen, wann du abwesend bist, z. B. weil du in den Urlaub f\u00e4hrst oder krank bist. Das ist z. B. f\u00fcr die Dienstplanung sehr hilfreich, weil die planenden Personen dann direkt sehen k\u00f6nnen, ob du f\u00fcr einen Dienst zur Verf\u00fcgung stehst oder nicht.<\/p>\n\n\n\n<p>Um eine neue Abwesenheit einzutragen \u00f6ffnest du das Drop-Down Men\u00fc (1) neben dem <em>Termin anlegen<\/em>-Button und w\u00e4hlst <em>Eigene Abwesenheit eintragen<\/em> (2) aus.<\/p>\n\n\n\n<figure class=\"wp-block-image size-full\"><a href=\"https:\/\/staging.churchtools.academy\/wp-content\/uploads\/2025\/01\/Kalender_Eigene-Abwesenheit-eintragen.png\"><img fetchpriority=\"high\" decoding=\"async\" width=\"2408\" height=\"524\" src=\"https:\/\/staging.churchtools.academy\/wp-content\/uploads\/2025\/01\/Kalender_Eigene-Abwesenheit-eintragen.png\" alt=\"\" class=\"wp-image-25922\" srcset=\"https:\/\/staging.churchtools.academy\/wp-content\/uploads\/2025\/01\/Kalender_Eigene-Abwesenheit-eintragen.png 2408w, https:\/\/staging.churchtools.academy\/wp-content\/uploads\/2025\/01\/Kalender_Eigene-Abwesenheit-eintragen-300x65.png 300w, https:\/\/staging.churchtools.academy\/wp-content\/uploads\/2025\/01\/Kalender_Eigene-Abwesenheit-eintragen-1024x223.png 1024w, https:\/\/staging.churchtools.academy\/wp-content\/uploads\/2025\/01\/Kalender_Eigene-Abwesenheit-eintragen-768x167.png 768w, https:\/\/staging.churchtools.academy\/wp-content\/uploads\/2025\/01\/Kalender_Eigene-Abwesenheit-eintragen-1536x334.png 1536w, https:\/\/staging.churchtools.academy\/wp-content\/uploads\/2025\/01\/Kalender_Eigene-Abwesenheit-eintragen-2048x446.png 2048w, https:\/\/staging.churchtools.academy\/wp-content\/uploads\/2025\/01\/Kalender_Eigene-Abwesenheit-eintragen-360x78.png 360w\" sizes=\"(max-width: 2408px) 100vw, 2408px\" \/><\/a><\/figure>\n\n\n\n<p>Im sich \u00f6ffnenden Modal tr\u00e4gst du alle Informationen ein und klickst auf <em>Speichern<\/em>.<\/p>\n\n\n\n<figure class=\"wp-block-image size-full is-resized\"><a href=\"https:\/\/staging.churchtools.academy\/wp-content\/uploads\/2025\/01\/Kalender_Eigene-Abwesenheit-eintragen_Informationen.png\"><img decoding=\"async\" width=\"1384\" height=\"1292\" src=\"https:\/\/staging.churchtools.academy\/wp-content\/uploads\/2025\/01\/Kalender_Eigene-Abwesenheit-eintragen_Informationen.png\" alt=\"\" class=\"wp-image-25924\" style=\"width:554px;height:auto\" srcset=\"https:\/\/staging.churchtools.academy\/wp-content\/uploads\/2025\/01\/Kalender_Eigene-Abwesenheit-eintragen_Informationen.png 1384w, https:\/\/staging.churchtools.academy\/wp-content\/uploads\/2025\/01\/Kalender_Eigene-Abwesenheit-eintragen_Informationen-300x280.png 300w, https:\/\/staging.churchtools.academy\/wp-content\/uploads\/2025\/01\/Kalender_Eigene-Abwesenheit-eintragen_Informationen-1024x956.png 1024w, https:\/\/staging.churchtools.academy\/wp-content\/uploads\/2025\/01\/Kalender_Eigene-Abwesenheit-eintragen_Informationen-768x717.png 768w, https:\/\/staging.churchtools.academy\/wp-content\/uploads\/2025\/01\/Kalender_Eigene-Abwesenheit-eintragen_Informationen-360x336.png 360w\" sizes=\"(max-width: 1384px) 100vw, 1384px\" \/><\/a><\/figure>\n\n\n\n<p>Deine Abwesenheiten werden in einem eigenen Kalender gespeichert und angezeigt, sodass du bereits erfasste Abwesenheiten bearbeiten oder l\u00f6schen kannst, indem du diese mit einem Klick auf den entsprechenden Kalendereintrag \u00f6ffnest.<\/p>\n\n\n\n<figure class=\"wp-block-image size-full\"><a href=\"https:\/\/staging.churchtools.academy\/wp-content\/uploads\/2025\/01\/Kalender_Eigene-Abwesenheiten.png\"><img decoding=\"async\" width=\"2810\" height=\"1434\" src=\"https:\/\/staging.churchtools.academy\/wp-content\/uploads\/2025\/01\/Kalender_Eigene-Abwesenheiten.png\" alt=\"\" class=\"wp-image-25926\" srcset=\"https:\/\/staging.churchtools.academy\/wp-content\/uploads\/2025\/01\/Kalender_Eigene-Abwesenheiten.png 2810w, https:\/\/staging.churchtools.academy\/wp-content\/uploads\/2025\/01\/Kalender_Eigene-Abwesenheiten-300x153.png 300w, https:\/\/staging.churchtools.academy\/wp-content\/uploads\/2025\/01\/Kalender_Eigene-Abwesenheiten-1024x523.png 1024w, https:\/\/staging.churchtools.academy\/wp-content\/uploads\/2025\/01\/Kalender_Eigene-Abwesenheiten-768x392.png 768w, https:\/\/staging.churchtools.academy\/wp-content\/uploads\/2025\/01\/Kalender_Eigene-Abwesenheiten-1536x784.png 1536w, https:\/\/staging.churchtools.academy\/wp-content\/uploads\/2025\/01\/Kalender_Eigene-Abwesenheiten-2048x1045.png 2048w, https:\/\/staging.churchtools.academy\/wp-content\/uploads\/2025\/01\/Kalender_Eigene-Abwesenheiten-360x184.png 360w\" sizes=\"(max-width: 2810px) 100vw, 2810px\" \/><\/a><\/figure>\n","protected":false},"excerpt":{"rendered":"<p>Du kannst in ChurchTools hinterlegen, wann du abwesend bist, z. B. weil du in den Urlaub f\u00e4hrst oder krank bist. Das ist z. B. f\u00fcr die Dienstplanung sehr hilfreich, weil die planenden Personen dann direkt sehen k\u00f6nnen, ob du f\u00fcr einen Dienst zur Verf\u00fcgung stehst oder nicht. Um eine neue Abwesenheit einzutragen \u00f6ffnest du das [&hellip;]<\/p>\n","protected":false},"author":6,"featured_media":0,"comment_status":"open","ping_status":"closed","template":"","meta":{"_acf_changed":false,"footnotes":""},"doc_category":[280],"doc_tag":[],"knowledge_base":[172],"class_list":["post-25921","docs","type-docs","status-publish","hentry","doc_category-weiteres-kalender","knowledge_base-churchtools-module"],"acf":[],"year_month":"2026-05","word_count":118,"total_views":"1027","reactions":{"happy":"2","normal":"0","sad":"0"},"author_info":{"name":"Jasper Stehmeier","author_nicename":"jstehmeier","author_url":"https:\/\/staging.churchtools.academy\/de\/author\/jstehmeier\/"},"doc_category_info":[{"term_name":"Weiteres","term_url":"https:\/\/staging.churchtools.academy\/de\/help\/churchtools-module\/weiteres-kalender\/"}],"doc_tag_info":[],"knowledge_base_info":[{"term_name":"Module","term_url":"https:\/\/staging.churchtools.academy\/de\/help\/churchtools-module\/","term_slug":"churchtools-module"}],"knowledge_base_slug":["churchtools-module"],"_links":{"self":[{"href":"https:\/\/staging.churchtools.academy\/de\/wp-json\/wp\/v2\/docs\/25921","targetHints":{"allow":["GET"]}}],"collection":[{"href":"https:\/\/staging.churchtools.academy\/de\/wp-json\/wp\/v2\/docs"}],"about":[{"href":"https:\/\/staging.churchtools.academy\/de\/wp-json\/wp\/v2\/types\/docs"}],"author":[{"embeddable":true,"href":"https:\/\/staging.churchtools.academy\/de\/wp-json\/wp\/v2\/users\/6"}],"replies":[{"embeddable":true,"href":"https:\/\/staging.churchtools.academy\/de\/wp-json\/wp\/v2\/comments?post=25921"}],"version-history":[{"count":2,"href":"https:\/\/staging.churchtools.academy\/de\/wp-json\/wp\/v2\/docs\/25921\/revisions"}],"predecessor-version":[{"id":25999,"href":"https:\/\/staging.churchtools.academy\/de\/wp-json\/wp\/v2\/docs\/25921\/revisions\/25999"}],"wp:attachment":[{"href":"https:\/\/staging.churchtools.academy\/de\/wp-json\/wp\/v2\/media?parent=25921"}],"wp:term":[{"taxonomy":"doc_category","embeddable":true,"href":"https:\/\/staging.churchtools.academy\/de\/wp-json\/wp\/v2\/doc_category?post=25921"},{"taxonomy":"doc_tag","embeddable":true,"href":"https:\/\/staging.churchtools.academy\/de\/wp-json\/wp\/v2\/doc_tag?post=25921"},{"taxonomy":"knowledge_base","embeddable":true,"href":"https:\/\/staging.churchtools.academy\/de\/wp-json\/wp\/v2\/knowledge_base?post=25921"}],"curies":[{"name":"wp","href":"https:\/\/api.w.org\/{rel}","templated":true}]}}

<p>Du kannst in ChurchTools hinterlegen, wann du abwesend bist, z. B. weil du in den Urlaub fährst oder krank bist. Das ist z. B. für die Dienstplanung sehr hilfreich, weil die planenden Personen dann direkt sehen können, ob du für einen Dienst zur Verfügung stehst oder nicht.</p>



<p>Um eine neue Abwesenheit einzutragen öffnest du das Drop-Down Menü (1) neben dem <em>Termin anlegen</em>-Button und wählst <em>Eigene Abwesenheit eintragen</em> (2) aus.</p>



<figure class="wp-block-image size-full"><a href="https://staging.churchtools.academy/wp-content/uploads/2025/01/Kalender_Eigene-Abwesenheit-eintragen.png"><img fetchpriority="high" decoding="async" width="2408" height="524" src="https://staging.churchtools.academy/wp-content/uploads/2025/01/Kalender_Eigene-Abwesenheit-eintragen.png" alt="" class="wp-image-25922" srcset="https://staging.churchtools.academy/wp-content/uploads/2025/01/Kalender_Eigene-Abwesenheit-eintragen.png 2408w, https://staging.churchtools.academy/wp-content/uploads/2025/01/Kalender_Eigene-Abwesenheit-eintragen-300x65.png 300w, https://staging.churchtools.academy/wp-content/uploads/2025/01/Kalender_Eigene-Abwesenheit-eintragen-1024x223.png 1024w, https://staging.churchtools.academy/wp-content/uploads/2025/01/Kalender_Eigene-Abwesenheit-eintragen-768x167.png 768w, https://staging.churchtools.academy/wp-content/uploads/2025/01/Kalender_Eigene-Abwesenheit-eintragen-1536x334.png 1536w, https://staging.churchtools.academy/wp-content/uploads/2025/01/Kalender_Eigene-Abwesenheit-eintragen-2048x446.png 2048w, https://staging.churchtools.academy/wp-content/uploads/2025/01/Kalender_Eigene-Abwesenheit-eintragen-360x78.png 360w" sizes="(max-width: 2408px) 100vw, 2408px" /></a></figure>



<p>Im sich öffnenden Modal trägst du alle Informationen ein und klickst auf <em>Speichern</em>.</p>



<figure class="wp-block-image size-full is-resized"><a href="https://staging.churchtools.academy/wp-content/uploads/2025/01/Kalender_Eigene-Abwesenheit-eintragen_Informationen.png"><img decoding="async" width="1384" height="1292" src="https://staging.churchtools.academy/wp-content/uploads/2025/01/Kalender_Eigene-Abwesenheit-eintragen_Informationen.png" alt="" class="wp-image-25924" style="width:554px;height:auto" srcset="https://staging.churchtools.academy/wp-content/uploads/2025/01/Kalender_Eigene-Abwesenheit-eintragen_Informationen.png 1384w, https://staging.churchtools.academy/wp-content/uploads/2025/01/Kalender_Eigene-Abwesenheit-eintragen_Informationen-300x280.png 300w, https://staging.churchtools.academy/wp-content/uploads/2025/01/Kalender_Eigene-Abwesenheit-eintragen_Informationen-1024x956.png 1024w, https://staging.churchtools.academy/wp-content/uploads/2025/01/Kalender_Eigene-Abwesenheit-eintragen_Informationen-768x717.png 768w, https://staging.churchtools.academy/wp-content/uploads/2025/01/Kalender_Eigene-Abwesenheit-eintragen_Informationen-360x336.png 360w" sizes="(max-width: 1384px) 100vw, 1384px" /></a></figure>



<p>Deine Abwesenheiten werden in einem eigenen Kalender gespeichert und angezeigt, sodass du bereits erfasste Abwesenheiten bearbeiten oder löschen kannst, indem du diese mit einem Klick auf den entsprechenden Kalendereintrag öffnest.</p>



<figure class="wp-block-image size-full"><a href="https://staging.churchtools.academy/wp-content/uploads/2025/01/Kalender_Eigene-Abwesenheiten.png"><img decoding="async" width="2810" height="1434" src="https://staging.churchtools.academy/wp-content/uploads/2025/01/Kalender_Eigene-Abwesenheiten.png" alt="" class="wp-image-25926" srcset="https://staging.churchtools.academy/wp-content/uploads/2025/01/Kalender_Eigene-Abwesenheiten.png 2810w, https://staging.churchtools.academy/wp-content/uploads/2025/01/Kalender_Eigene-Abwesenheiten-300x153.png 300w, https://staging.churchtools.academy/wp-content/uploads/2025/01/Kalender_Eigene-Abwesenheiten-1024x523.png 1024w, https://staging.churchtools.academy/wp-content/uploads/2025/01/Kalender_Eigene-Abwesenheiten-768x392.png 768w, https://staging.churchtools.academy/wp-content/uploads/2025/01/Kalender_Eigene-Abwesenheiten-1536x784.png 1536w, https://staging.churchtools.academy/wp-content/uploads/2025/01/Kalender_Eigene-Abwesenheiten-2048x1045.png 2048w, https://staging.churchtools.academy/wp-content/uploads/2025/01/Kalender_Eigene-Abwesenheiten-360x184.png 360w" sizes="(max-width: 2810px) 100vw, 2810px" /></a></figure>

<p>Du kannst in ChurchTools hinterlegen, wann du abwesend bist, z. B. weil du in den Urlaub fährst oder krank bist. Das ist z. B. für die Dienstplanung sehr hilfreich, weil die planenden Personen dann direkt sehen können, ob du für einen Dienst zur Verfügung stehst oder nicht. Um eine neue Abwesenheit einzutragen öffnest du das [&hellip;]</p>
